w*a = -387*a - 12. Calculate t(a).
-12
Let v(x) = 2*x + 1. Suppose 2 = g - 0. Suppose -96 + 36 = -20*c. Suppose g*o + 3 = -c. Determine v(o).
-5
Suppose 0 = 5*y + u - 24 + 1, -3*u = -9. Suppose 3*c = l + 10, -4*l = -5*c - 3 + 8. Let r(g) = -y*g**3 - 2*g - g + l*g**3 - 2 - 6*g + 5*g**2. Calculate r(-6).
16
Let q(x) be the third derivative of x**5/60 + 13*x**4/12 + 23*x**3/6 - 922*x**2. Determine q(-25).
-2
Let r(l) = -5*l**3 - l**2 - 4*l - 3. Let x be r(-2). Let v(s) = 37*s - 3 - 2 - x*s - s**2. Suppose -n + 2 = 7. Determine v(n).
-10
Let h(m) = m - 21. Suppose 3*k + 22 = 2*o, -39*k + 20 = -42*k + 4*o. Calculate h(k).
-29
Let c = 751 + -745. Let x(q) = q. Let m(y) = 4*y - 1. Let l(k) = -m(k) + x(k). What is l(c)?
-17
Let b(l) = -13 - 4*l**2 - 296*l + 3*l**2 - 289*l + 884*l - 292*l. Determine b(9).
-31
Let d(z) = -39*z - 135. Let y be (4/16 - (-5)/12)/((-163)/978). Calculate d(y).
21
Suppose -6*q + b = -9, -b - 9 = -14*q + 9*q. Let o(v) = v**3 - 2*v**2 + 4*v - 24. What is o(q)?
-24
Let z(p) be the third derivative of 0*p - 1/6*p**3 + 1/60*p**5 - 5*p**2 + 1 + 1/6*p**4. Suppose 0*n + 5*n - 4*x = -26, -6 = 5*n + x. Give z(n).
-5
Let s(h) = -280*h + 98*h + h**2 + 184*h - 26. Determine s(-9).
37
Let z(m) = -22*m - 759. Let t be z(-35). Let x(h) = h**2 - 12*h + 4. What is x(t)?
-7
Let x be (2/(-3))/(11/(-99)). Let i(z) = 23*z + 25*z + 24*z - 5 - z**2 - 64*z. Let j be i(x). Let r(p) = p - 6. Give r(j).
1
Let r(p) = 2*p**3 + 3*p**2 - 2. Let x be (42/14)/((-1)/2 - -2). Suppose -3*i = 5*d - 5*i - 28, -i = 4*d - 12. Let s = x - d. Calculate r(s).
-6
Let w(v) = v + 3. Let l = 22 + -147. Let q = l + 25. Let h = q + 95. Determine w(h).
-2
Suppose -3*r - 18 = -6*r. Let f(k) = 5 + 0 + r*k - 5*k. Let q(i) = -2*i - 6. Let w(b) = 4*f(b) + 3*q(b). Determine w(5).
-8
Let r(k) = -k + 2. Suppose 0 = 3*u + 10 - 13. Suppose -25*o - u = -51. Determine r(o).
0
Suppose -190 = -2*b + 4*b + 2*r, 4*r - 184 = 2*b. Let h = -98 - b. Let t(d) = -7*d - 6. What is t(h)?
22
Let w(v) = -v - 3. Let o = -242 + 246. Let n(j) = -4*j - 7. Let h(m) = o*n(m) - 12*w(m). Give h(4).
-8
Let v(d) be the second derivative of d**3/6 - 2*d**2 + 2*d. Let y = -1242 + 1249. Give v(y).
3
Suppose 72 = 4*m + 5*m. Let b(u) be the third derivative of u**5/60 - 3*u**4/8 + 4*u**3/3 - 27*u**2. Give b(m).
0
Let c = 2152 + -12911/6. Let r(o) be the second derivative of -12*o + 0 - 7/12*o**4 + 0*o**2 - c*o**3. Determine r(-1).
-6
Let c(m) be the third derivative of m**5/30 - m**3/6 - 740*m**2. Let p = 37 + -39. Determine c(p).
7
Suppose -9*i - 14*i - 138 = 0. Let z(h) = -7*h - 36. Give z(i).
6
Let a(o) = -o**3 - 7*o**2 - 10*o - 7. Suppose -4*x + 4 = t, 3*x - 143 = 3*t - 125. Calculate a(t).
-15
Let w(g) be the third derivative of g**9/20160 - g**7/5040 - g**6/720 - g**5/60 - 2*g**3 - 50*g**2 - 2. Let j(c) be the third derivative of w(c). Give j(2).
21
Suppose 83*l + 864 = -133*l. Let j(c) = -c**3 - 2*c**2 + 8*c + 3. Determine j(l).
3
Let f(d) = d**2 - 6*d + 125. Let k(b) = 49. Let w(g) = f(g) - 3*k(g). Determine w(-7).
69
Let z(v) = 2*v + 1. Let w(s) = 11*s - 1. Let n = -133 - -132. Let j(q) = n*w(q) + 2*z(q). Determine j(3).
-18
Suppose 6*j = -0 + 24. Let b = -31 - -37. Let f(k) = 2*k - 4 + j - 1 - b*k**2. Determine f(1).
-5
Let w(b) = b**3 + 17*b**2 + 43*b + 18. Let z(g) = -3*g**3 - 18*g**2 - 56*g - 350. Let k be z(-6). Determine w(k).
4
Let r(l) = -10*l**2 - 2*l + 6. Let y(c) = c**3 + 2*c**2 - 1. Let v be (-4)/(-32) + (-9)/8. Let h(u) = v*r(u) - 5*y(u). Calculate h(1).
-4
Let n(k) = 104*k - 27. Let v(f) = 35*f. Let m(p) = n(p) - 3*v(p). Determine m(-14).
-13
Let v(p) = 3*p - 3. Let a(k) = -3*k + 4. Let n(r) = -4*a(r) - 5*v(r). Let g = -1798 - -1797. What is n(g)?
2
Let t(f) be the first derivative of f**4/4 + 9*f**3 - 29*f**2/2 - 18*f - 2502. Give t(-28).
10
Suppose -m - m - 3*a = -4, a = 0. Suppose 0 = o - 3*o - m. Let j(p) = 3*p - p + 7*p + 8*p. What is j(o)?
-17
Let x(b) be the first derivative of b**5/60 + b**4/12 - 2*b**3/3 + 15. Let n(y) be the third derivative of x(y). Suppose -9*q + 2 = 20. What is n(q)?
-2
Let k(b) be the third derivative of 7*b**4/12 + 20*b**3 - 2900*b**2. What is k(-9)?
-6
Suppose 1066 - 1070 = 2*k, 4*t - 3*k = 6. Let c be 2/(-2)*(-2 - 3). Suppose -y + v = -t*y, 4*v - 2 = c*y. Let w(d) = -d - 2. Determine w(y).
0
Suppose 5*h = h - 36. Let a(m) = 1196*m - 18. Let q(b) = -287*b + 4. Let t(l) = -6*a(l) - 25*q(l). What is t(h)?
17
Let p(m) = 13 + m + 37 - 68 + m**2. Determine p(-7).
24
Let o be (0/2)/2 + -2. Let g(u) = 5*u - 1. Let c(t) = -6*t + 1. Let q(n) = -3*c(n) - 4*g(n). Give q(o).
5
Let a(o) = o**3 - o**2 - 22*o + 1. Let b be a(-4). Let u(h) = -b*h - 4 + h + 0*h + 0*h. Let g be (2/2)/((-1)/3). Determine u(g).
20
Let k = -2219 - -1553. Let z = k - -657. Let o(b) = 2*b**3 + 10*b**2 + 6*b + 2. Let x(n) = n**3 - n - 1. Let y(h) = -o(h) + x(h). What is y(z)?
-21
Let h(s) be the third derivative of -3/2*s**3 + 118*s**2 + 0 - 1/24*s**4 + 0*s. Give h(9).
-18
Let h(c) = 3*c**3 - 13*c**2 + 26*c - 23. Let g(u) = -4*u**3 + 14*u**2 - 32*u + 24. Let o(t) = -2*g(t) - 3*h(t). Determine o(10).
-19
Suppose 0*c + c = 16. Let j be 46/10 - 0 - (-156)/390. Suppose -4*g = 3*x - c, 5*g + 3 = j*x - 12. Let r(o) = o**2 - 1. Determine r(g).
0
Let s(l) be the first derivative of -3*l + 3/2*l**2 + 112 + l**3 - 1/4*l**4. Give s(4).
-7
Let g = -4 + 84. Let v = g - 87. Let y(m) = -m**3 - 8*m**2 - 4*m + 3. Determine y(v).
-18
Let k be (-1 + (-4 - 0))*1. Let z(c) be the first derivative of -c**3/3 - 3*c**2/2 + 2*c + 8560. Calculate z(k).
-8
Let v(i) = -i - 11. Let h = -189 + 191. Suppose -5*y - 4*b - 54 = 0, -y = -b - h + 20. What is v(y)?
3
Let v be ((-4)/(-3) - 0)*3. Let j(q) be the first derivative of 0*q**2 - 3*q + 36 + 1/3*q**3. Give j(v).
13
Suppose 3*g = 2*j - 84, g + 223 = 5*j - 0*g. Let d(u) = 11 + 81*u + 44*u**2 - 88*u - j*u**2. Suppose 0 = -5*f - 4*s - 61, -11 = f + 2*f - 4*s. Determine d(f).
-7
Let z(n) = -n**3 - n**2 + n - 2. Let j(t) = 6*t**2 + 77*t**3 - 4 - 6*t - 76*t**3 + 8 + 6. Let x be j(-7). Let r be 2/(-4)*(-1 + x/3). Determine z(r).
-2
Let f = 176 + -113. Suppose 13 = -2*a + f. Let p(s) = 1 - a*s - 32*s + 44*s. Give p(1).
-12
Let f be -5*((-1)/1 - (-8)/2). Let y(k) = -k**2 - 22*k - 18. Let d be y(f). Let b(a) = -44 + d - 42 - 13*a**2. What is b(-1)?
-12
Let s(r) be the first derivative of -r**6/180 + r**5/10 - r**4/8 + 79*r**3/3 - 103. Let l(w) be the third derivative of s(w). Determine l(6).
-3
Let f(s) be the third derivative of s**6/120 - s**5/60 - 13*s**4/8 + 7*s**3/6 - 976*s**2. Give f(-6).
-11
Let j(i) be the first derivative of 9*i**4/4 + i**3 + 3*i**2/2 + 2*i + 4578. Determine j(-2).
-64
Let b(t) = -t + 6. Let d(v) = v**2 - 22*v - 72. Let x be d(-3). Let c(r) be the third derivative of r**4/6 - 2*r**3 + r**2. Let g be c(x). Give b(g).
6
Let o be 10 - 6 - 16 - -14. Let y(n) be the first derivative of -3*n - 3/2*n**o - 2 - 1/3*n**3. Determine y(-4).
-7
Let x(a) be the first derivative of -1/3*a**3 + 192 + 2*a**2 - 8*a. What is x(4)?
-8
Let j(k) = -9*k**2 - 63*k - 51. Let o(p) = 5*p**2 + 34*p + 25. Let l(n) = -4*j(n) - 7*o(n). What is l(-3)?
-4
Let n(s) be the third derivative of 1/6*s**4 + 0 - 1/6*s**3 + 3*s**2 + 0*s + 1/60*s**5. Let j(v) = -1817*v - 12723. Let h be j(-7). Give n(h).
-1
Let c(p) be the first derivative of 10 + 0*p + 8*p**2 - 1/24*p**4 - 2/3*p**3 - 1/15*p**5 - 1/120*p**6. Let h(i) be the second derivative of c(i). Give h(-4).
0
Let h be -1 - -15 - 12/(-3). Suppose -12*l + h = -18. Let g(m) = 4*m - 10. Give g(l).
2
Let r be 10/8 + 9/12 + 0. Let h(a) = 1 + 46*a + 12*a**2 + 0*a**r - 45*a. Let f be 6/(-5) + (-10)/(-50). What is h(f)?
12
Let c(b) be the second derivative of b**5/20 - b**4/3 + b**3/3 - b**2/2 + 18137*b + 1. Suppose -2*n - 1 = -11. Calculate c(n).
34
Let w = -1051 - -1062. Let p(j) = -j**2 + 6*j + 34. Calculate p(w).
-21
Let f(r) = -5*r**2 + 44*r + 62. Let m be f(10). Let p(t) = 3*t**3 + t**2 - 7*t + 6. Give p(m).
20
Let h be (-3350)/75*(2 - (-21)/(-6)). Let a(o) = 23 + 23 + o**3 + 22 - h + 2*o + 8*o**2. Determine a(-8).
-15
Let g(i) = -i**2 - 3*i + 2. Let j be 126/(-6 - 8) + (-24)/(-4). Give g(j).
2
Let b(f) = -4*f**3 + f**2 + f - 1. Suppose 5*u - 6*u = -5. Suppose 5*w + 3*g = -307, -3*w + u*g - 165 = -8. Let t = w - -60. Give b(t).
-3
Suppose 4*a = -20,